te the remainder when 13226 is divided by 16.
10
Calculate the remainder when 247374 is divided by 582.
24
Calculate the remainder when 20281 is divided by 483.
478
What is the remainder when 6145887 is divided by 587?
584
Calculate the remainder when 7927 is divided by 3307.
1313
What is the remainder when 10430 is divided by 373?
359
Calculate the remainder when 767728 is divided by 785.
783
Calculate the remainder when 48700 is divided by 198.
190
Calculate the remainder when 53001 is divided by 6.
3
Calculate the remainder when 6397 is divided by 36.
25
Calculate the remainder when 21953 is divided by 144.
65
Calculate the remainder when 9481 is divided by 135.
31
Calculate the remainder when 1117065 is divided by 372354.
3
Calculate the remainder when 365888 is divided by 283.
252
Calculate the remainder when 141987 is divided by 1136.
1123
Calculate the remainder when 518960 is divided by 30527.
1
What is the remainder when 5393 is divided by 322?
241
What is the remainder when 823 is divided by 622?
201
Calculate the remainder when 14143 is divided by 566.
559
What is the remainder when 26245 is divided by 11?
10
Calculate the remainder when 139450 is divided by 39.
25
Calculate the remainder when 980 is divided by 237.
32
What is the remainder when 6793 is divided by 151?
149
Calculate the remainder when 1011 is divided by 845.
166
What is the remainder when 26220 is divided by 1008?
12
Calculate the remainder when 196395 is divided by 4008.
3
Calculate the remainder when 41672 is divided by 347.
32
What is the remainder when 1864 is divided by 369?
19
Calculate the remainder when 1021 is divided by 235.
81
Calculate the remainder when 4990202 is divided by 6.
2
What is the remainder when 2380 is divided by 498?
388
What is the remainder when 12051 is divided by 36?
27
Calculate the remainder when 1256 is divided by 41.
26
Calculate the remainder when 86223 is divided by 16.
15
What is the remainder when 1526848 is divided by 261?
259
Calculate the remainder when 16794 is divided by 5539.
177
Calculate the remainder when 678 is divided by 31.
27
What is the remainder when 245076 is divided by 8?
4
Calculate the remainder when 858 is divided by 117.
39
What is the remainder when 2027 is divided by 543?
398
Calculate the remainder when 974270 is divided by 372.
2
Calculate the remainder when 128014 is divided by 127.
125
What is the remainder when 7721 is divided by 700?
21
What is the remainder when 6831 is divided by 205?
66
What is the remainder when 71780 is divided by 579?
563
What is the remainder when 133856 is divided by 74?
64
Calculate the remainder when 251 is divided by 167.
84
What is the remainder when 12546 is divided by 3132?
18
What is the remainder when 8646 is divided by 783?
33
What is the remainder when 45861 is divided by 312?
309
Calculate the remainder when 24537 is divided by 12268.
1
Calculate the remainder when 321121 is divided by 407.
405
What is the remainder when 571 is divided by 142?
3
What is the remainder when 1924 is divided by 240?
4
Calculate the remainder when 1357495 is divided by 18.
7
What is the remainder when 35176 is divided by 22?
20
What is the remainder when 1085447 is divided by 637?
636
Calculate the remainder when 478994 is divided by 89.
85
What is the remainder when 24034 is divided by 1143?
31
Calculate the remainder when 66769 is divided by 32.
17
What is the remainder when 11275 is divided by 1875?
25
What is the remainder when 2109 is divided by 2069?
40
Calculate the remainder when 14887 is divided by 572.
15
What is the remainder when 175455 is divided by 3133?
7
What is the remainder when 36996 is divided by 26?
24
Calculate the remainder when 1359 is divided by 166.
31
What is the remainder when 371 is divided by 55?
41
Calculate the remainder when 1978 is divided by 25.
3
What is the remainder when 1097653 is divided by 7467?
4
What is the remainder when 30595 is divided by 340?
335
What is the remainder when 668 is divided by 431?
237
What is the remainder when 547 is divided by 371?
176
What is the remainder when 6520 is divided by 168?
136
What is the remainder when 860 is divided by 365?
130
What is the remainder when 105975 is divided by 876?
855
What is the remainder when 21056 is divided by 195?
191
Calculate the remainder when 17954 is divided by 101.
77
What is the remainder when 17119 is divided by 4264?
63
Calculate the remainder when 253445 is divided by 868.
857
What is the remainder when 12598 is divided by 6214?
170
What is the remainder when 6813 is divided by 23?
5
Calculate the remainder when 3128 is divided by 1951.
1177
What is the remainder when 39504 is divided by 579?
132
What is the remainder when 3875 is divided by 1243?
146
Calculate the remainder when 86917 is divided by 439.
434
What is the remainder when 29961 is divided by 270?
261
Calculate the remainder when 46054 is divided by 354.
34
Calculate the remainder when 66833 is divided by 1044.
17
Calculate the remainder when 3520 is divided by 132.
88
Calculate the remainder when 18982 is divided by 6323.
13
Calculate the remainder when 1130147 is divided by 35.
32
Calculate the remainder when 184007 is divided by 1122.
1121
What is the remainder when 1235956 is divided by 617967?
22
Calculate the remainder when 80930 is divided by 87.
20
Calculate the remainder when 45305 is divided by 283.
25
What is the remainder when 16939 is divided by 1130?
1119
Calculate the remainder when 69947 is divided by 268.
267
What is the remainder when 1267516 is divided by 3153?
10
What is the remainder when 4119 is divided by 1426?
1267
Calculate the remainder when 61093 is divided by 745.
3
Calculate the remainder when 72036 is divided by 13.
3
What is the remainder when 5478 is divided by 1369?
2
What is the remainder when 49454 is divided by 114?
92
Calculate the remainder when 22452 is divided by 1566.
528
What is the remainder when 2826 is divided by 221?
174
Calculate the remainder when 7909 is divided by 1975.
9
What is the remainder when 50232 is divided by 64?
56
What is the remainder when 6183 is divided by 174?
93
Calculate the remainder when 6889 is divided by 746.
175
What is the remainder when 17591 is divided by 53?
48
Calculate the remainder when 1264512 is divided by 81.
21
What is the remainder when 1460 is divided by 656?
148
Calculate the remainder when 2014582 is divided by 85.
82
Calculate the remainder when 9413 is divided by 107.
104
Calculate the remainder when 1130 is divided by 31.
14
Calculate the remainder when 70959 is divided by 35474.
11
Calculate the remainder when 2755 is divided by 305.
10
Calculate the remainder when 15703 is divided by 162.
151
What is the remainder when 7596 is divided by 43?
28
Calculate the remainder when 144712 is divided by 286.
282
Calculate the remainder when 35420 is divided by 41.
37
What is the remainder when 30101 is divided by 27?
23
What is the remainder when 74702 is divided by 74684?
18
Calculate the remainder when 2285 is divided by 1132.
21
Calculate the remainder when 6014 is divided by 2000.
14
What is the remainder when 4706 is divided by 107?
105
Calculate the remainder when 185276 is divided by 10292.
20
Calculate the remainder when 236032 is divided by 14.
6
What is the remainder when 13325 is divided by 98?
95
Calculate the remainder when 19034 is divided by 23.
13
Calculate the remainder when 100133 is divided by 7148.
61
Calculate the remainder when 2806 is divided by 2346.
460
What is the remainder when 14026 is divided by 41?
4
Calculate the remainder when 1494 is divided by 607.
280
Calculate the remainder when 25589 is divided by 57.
53
Calculate the remainder when 4171 is divided by 7.
6
Calculate the remainder when 6601 is divided by 42.
7
Calculate the remainder when 174296 is divided by 42.
38
What is the remainder when 2371 is divided by 52?
31
What is the remainder when 17094 is divided by 570?
564
Calculate the remainder when 26554 is divided by 75.
4
What is the remainder when 2521 is divided by 579?
205
What is the remainder when 464955 is divided by 108?
15
Calculate the remainder when 7276 is divided by 126.
94
What is the remainder when 154262 is divided by 1015?
997
Calculate the remainder when 1123911 is divided b